{"id":1598,"date":"2014-03-01T19:22:42","date_gmt":"2014-03-01T19:22:42","guid":{"rendered":"https:\/\/alidasantamaria.com\/web\/?page_id=1598"},"modified":"2017-06-02T13:48:54","modified_gmt":"2017-06-02T13:48:54","slug":"plasma-rico-en-plaquetas","status":"publish","type":"page","link":"https:\/\/alidasantamaria.com\/web\/plasma-rico-en-plaquetas\/","title":{"rendered":"Plasma rico en plaquetas"},"content":{"rendered":"<div class=\"fusion-fullwidth fullwidth-box fusion-builder-row-1 nonhundred-percent-fullwidth non-hundred-percent-height-scrolling\" style=\"--awb-border-radius-top-left:0px;--awb-border-radius-top-right:0px;--awb-border-radius-bottom-right:0px;--awb-border-radius-bottom-left:0px;--awb-flex-wrap:wrap;\" ><div class=\"fusion-builder-row fusion-row\"><div class=\"fusion-layout-column fusion_builder_column fusion-builder-column-0 fusion_builder_column_1_2 1_2 fusion-one-half fusion-column-first\" style=\"--awb-bg-size:cover;width:50%;width:calc(50% - ( ( 4% ) * 0.5 ) );margin-right: 4%;\"><div class=\"fusion-column-wrapper fusion-flex-column-wrapper-legacy\"><div class=\"fusion-video fusion-youtube\" style=\"--awb-max-width:600px;--awb-max-height:360px;\"><div class=\"video-shortcode\"><div class=\"fluid-width-video-wrapper\" style=\"padding-top:60%;\" ><iframe title=\"YouTube video player 1\" src=\"https:\/\/www.youtube.com\/embed\/J92c1pqDtjE?wmode=transparent&autoplay=0&oida=1\" width=\"600\" height=\"360\" allowfullscreen allow=\"autoplay; clipboard-write; encrypted-media; gyroscope; picture-in-picture;\"><\/iframe><\/div><\/div><\/div><div class=\"fusion-clearfix\"><\/div><\/div><\/div><div class=\"fusion-layout-column fusion_builder_column fusion-builder-column-1 fusion_builder_column_1_2 1_2 fusion-one-half fusion-column-last\" style=\"--awb-bg-size:cover;width:50%;width:calc(50% - ( ( 4% ) * 0.5 ) );\"><div class=\"fusion-column-wrapper fusion-flex-column-wrapper-legacy\"><div class=\"fusion-text fusion-text-1\"><p>Una alternativa que puede complementar cualquier procedimiento facial es la aplicaci\u00f3n de plasma rico en plaquetas. Las plaquetas son c\u00e9lulas que se encuentran normalmente en la sangre y son capaces de producir sustancias que sirven como regenerador de los elementos b\u00e1sicos encontrados en la piel normal. Su aplicaci\u00f3n produce una especie de se\u00f1ales que llaman a otras c\u00e9lulas que producen sustancias reparadoras mejorando la textura, humectaci\u00f3n, iluminaci\u00f3n, reducci\u00f3n de manchas y aumento de volumen de la piel dando un efecto rejuvenecedor. Por lo cual es un buen complemento de cualquier procedimiento de rejuvenecimiento facial. Tambi\u00e9n puede ser aplicado en manos, escote y cuello mejorando su aspecto.<\/p>\n<\/div><div class=\"fusion-clearfix\"><\/div><\/div><\/div><div class=\"fusion-layout-column fusion_builder_column fusion-builder-column-2 fusion_builder_column_1_1 1_1 fusion-one-full fusion-column-first fusion-column-last\" style=\"--awb-bg-size:cover;--awb-margin-top:50px;\"><div class=\"fusion-column-wrapper fusion-flex-column-wrapper-legacy\"><div class=\"accordian fusion-accordian\" style=\"--awb-border-size:1px;--awb-icon-size:13px;--awb-content-font-size:15px;--awb-icon-alignment:left;--awb-hover-color:#f9f9f9;--awb-border-color:#cccccc;--awb-background-color:#ffffff;--awb-divider-color:#e0dede;--awb-divider-hover-color:#e0dede;--awb-icon-color:#ffffff;--awb-title-color:#333333;--awb-content-color:#747474;--awb-icon-box-color:#333333;--awb-toggle-hover-accent-color:#a0ce4e;--awb-title-font-family:&quot;Antic Slab&quot;;--awb-title-font-weight:400;--awb-title-font-style:normal;--awb-content-font-family:&quot;PT Sans&quot;;--awb-content-font-style:normal;--awb-content-font-weight:400;\"><div class=\"panel-group fusion-toggle-icon-boxed\" id=\"accordion-1598-1\"><div class=\"fusion-panel panel-default panel-437d62d2559424522 fusion-toggle-no-divider fusion-toggle-boxed-mode\"><div class=\"panel-heading\"><h4 class=\"panel-title toggle\" id=\"toggle_437d62d2559424522\"><a aria-expanded=\"false\" aria-controls=\"437d62d2559424522\" role=\"button\" data-toggle=\"collapse\" data-parent=\"#accordion-1598-1\" data-target=\"#437d62d2559424522\" href=\"#437d62d2559424522\"><span class=\"fusion-toggle-icon-wrapper\" aria-hidden=\"true\"><i class=\"fa-fusion-box active-icon awb-icon-minus\" aria-hidden=\"true\"><\/i><i class=\"fa-fusion-box inactive-icon awb-icon-plus\" aria-hidden=\"true\"><\/i><\/span><span class=\"fusion-toggle-heading\">\u00bfC\u00f3mo se obtiene el Plasma Rico en Plaquetas?<\/span><\/a><\/h4><\/div><div id=\"437d62d2559424522\" class=\"panel-collapse collapse \" aria-labelledby=\"toggle_437d62d2559424522\"><div class=\"panel-body toggle-content fusion-clearfix\">\n<p>El plasma es uno de los componentes de la sangre. Para obtenerlo se usa una muestra de sangre del mismo paciente mediante la misma t\u00e9cnica usada en la toma de un examen de sangre de rutina. Es procesada de manera especial y se agregan elementos que activan a las plaquetas para que liberen todas las sustancias reparadoras a lo que le llamamos plasma enriquecido. Es este plasma con plaquetas seleccionadas el que es aplicado en las partes que sean necesarias.<\/p>\n<\/div><\/div><\/div><div class=\"fusion-panel panel-default panel-50ab1947a2eb2c302 fusion-toggle-no-divider fusion-toggle-boxed-mode\"><div class=\"panel-heading\"><h4 class=\"panel-title toggle\" id=\"toggle_50ab1947a2eb2c302\"><a aria-expanded=\"false\" aria-controls=\"50ab1947a2eb2c302\" role=\"button\" data-toggle=\"collapse\" data-parent=\"#accordion-1598-1\" data-target=\"#50ab1947a2eb2c302\" href=\"#50ab1947a2eb2c302\"><span class=\"fusion-toggle-icon-wrapper\" aria-hidden=\"true\"><i class=\"fa-fusion-box active-icon awb-icon-minus\" aria-hidden=\"true\"><\/i><i class=\"fa-fusion-box inactive-icon awb-icon-plus\" aria-hidden=\"true\"><\/i><\/span><span class=\"fusion-toggle-heading\">\u00bfC\u00f3mo y d\u00f3nde se aplica el Plasma Rico en Plaquetas?<\/span><\/a><\/h4><\/div><div id=\"50ab1947a2eb2c302\" class=\"panel-collapse collapse \" aria-labelledby=\"toggle_50ab1947a2eb2c302\"><div class=\"panel-body toggle-content fusion-clearfix\">\n<p>El plasma rico en plaquetas se aplica mediante peque\u00f1as inyecciones con una aguja muy fina para que la molestia sea m\u00ednima y tolerable. Se puede aplicar una crema anest\u00e9sica para facilitar el proceso. Se aplica en \u00e1reas como entrecejo, patas de gallo laterales a los ojos, p\u00f3mulos, surcos de las mejillas, cuello, zonas con manchas, escote, dorso de las manos.<\/p>\n<\/div><\/div><\/div><\/div><\/div><div class=\"fusion-clearfix\"><\/div><\/div><\/div><\/div><\/div>\n","protected":false},"excerpt":{"rendered":"","protected":false},"author":1,"featured_media":0,"parent":0,"menu_order":0,"comment_status":"open","ping_status":"open","template":"","meta":{"footnotes":""},"class_list":["post-1598","page","type-page","status-publish","hentry"],"_links":{"self":[{"href":"https:\/\/alidasantamaria.com\/web\/wp-json\/wp\/v2\/pages\/1598","targetHints":{"allow":["GET"]}}],"collection":[{"href":"https:\/\/alidasantamaria.com\/web\/wp-json\/wp\/v2\/pages"}],"about":[{"href":"https:\/\/alidasantamaria.com\/web\/wp-json\/wp\/v2\/types\/page"}],"author":[{"embeddable":true,"href":"https:\/\/alidasantamaria.com\/web\/wp-json\/wp\/v2\/users\/1"}],"replies":[{"embeddable":true,"href":"https:\/\/alidasantamaria.com\/web\/wp-json\/wp\/v2\/comments?post=1598"}],"version-history":[{"count":6,"href":"https:\/\/alidasantamaria.com\/web\/wp-json\/wp\/v2\/pages\/1598\/revisions"}],"predecessor-version":[{"id":2090,"href":"https:\/\/alidasantamaria.com\/web\/wp-json\/wp\/v2\/pages\/1598\/revisions\/2090"}],"wp:attachment":[{"href":"https:\/\/alidasantamaria.com\/web\/wp-json\/wp\/v2\/media?parent=1598"}],"curies":[{"name":"wp","href":"https:\/\/api.w.org\/{rel}","templated":true}]}}