{"id":1532,"date":"2014-01-25T18:28:04","date_gmt":"2014-01-25T18:28:04","guid":{"rendered":"https:\/\/alidasantamaria.com\/web\/?page_id=1532"},"modified":"2014-03-29T20:10:30","modified_gmt":"2014-03-29T20:10:30","slug":"frontoplastia","status":"publish","type":"page","link":"https:\/\/alidasantamaria.com\/web\/frontoplastia\/","title":{"rendered":"Frontoplastia"},"content":{"rendered":"<p>La frontoplastia es un procedimiento en el cual se corrigen algunos cambios del envejecimiento que se evidencian en la regi\u00f3n de la frente, con descenso de los tejidos por lo que las cejas se ven m\u00e1s bajas y los parpados tienen un aspecto de piel ca\u00edda as\u00ed como arrugas marcadas. Con las t\u00e9cnicas antiguas se realizaba una herida en forma de diadema de oreja a oreja en la piel cabelluda para poder estirar la piel y subir las cejas. En la actualidad existen t\u00e9cnicas m\u00e1s conservadoras que logran mejorar satisfactoriamente el aspecto de la frente evitando que esta  se vea m\u00e1s amplia. Para ello se usan peque\u00f1as heridas escondidas dentro de la piel cabelluda y se puede hacer uso de un endoscopio o peque\u00f1a c\u00e1mara que permite visualizar las estructuras como vasos y nervios para evitar su lesi\u00f3n. Se elevan las cejas  y si es necesario se aten\u00faan arrugas de la frente y el entrecejo cuando los m\u00fasculos son muy marcados en esta zona. Para mayor informaci\u00f3n ver secci\u00f3n de elevaci\u00f3n de las cejas.<\/p>\n","protected":false},"excerpt":{"rendered":"<p>La frontoplastia es un procedimiento en el cual se corrigen algunos cambios del envejecimiento que se evidencian en la regi\u00f3n de la frente, con descenso de los tejidos por lo que las cejas se ven m\u00e1s bajas y los parpados tienen un aspecto de piel ca\u00edda as\u00ed como arrugas marcadas. Con las t\u00e9cnicas antiguas se  [&#8230;]<\/p>\n","protected":false},"author":1,"featured_media":0,"parent":0,"menu_order":0,"comment_status":"open","ping_status":"open","template":"","meta":{"footnotes":""},"class_list":["post-1532","page","type-page","status-publish","hentry"],"_links":{"self":[{"href":"https:\/\/alidasantamaria.com\/web\/wp-json\/wp\/v2\/pages\/1532","targetHints":{"allow":["GET"]}}],"collection":[{"href":"https:\/\/alidasantamaria.com\/web\/wp-json\/wp\/v2\/pages"}],"about":[{"href":"https:\/\/alidasantamaria.com\/web\/wp-json\/wp\/v2\/types\/page"}],"author":[{"embeddable":true,"href":"https:\/\/alidasantamaria.com\/web\/wp-json\/wp\/v2\/users\/1"}],"replies":[{"embeddable":true,"href":"https:\/\/alidasantamaria.com\/web\/wp-json\/wp\/v2\/comments?post=1532"}],"version-history":[{"count":2,"href":"https:\/\/alidasantamaria.com\/web\/wp-json\/wp\/v2\/pages\/1532\/revisions"}],"predecessor-version":[{"id":1652,"href":"https:\/\/alidasantamaria.com\/web\/wp-json\/wp\/v2\/pages\/1532\/revisions\/1652"}],"wp:attachment":[{"href":"https:\/\/alidasantamaria.com\/web\/wp-json\/wp\/v2\/media?parent=1532"}],"curies":[{"name":"wp","href":"https:\/\/api.w.org\/{rel}","templated":true}]}}

<p>La frontoplastia es un procedimiento en el cual se corrigen algunos cambios del envejecimiento que se evidencian en la región de la frente, con descenso de los tejidos por lo que las cejas se ven más bajas y los parpados tienen un aspecto de piel caída así como arrugas marcadas. Con las técnicas antiguas se realizaba una herida en forma de diadema de oreja a oreja en la piel cabelluda para poder estirar la piel y subir las cejas. En la actualidad existen técnicas más conservadoras que logran mejorar satisfactoriamente el aspecto de la frente evitando que esta  se vea más amplia. Para ello se usan pequeñas heridas escondidas dentro de la piel cabelluda y se puede hacer uso de un endoscopio o pequeña cámara que permite visualizar las estructuras como vasos y nervios para evitar su lesión. Se elevan las cejas  y si es necesario se atenúan arrugas de la frente y el entrecejo cuando los músculos son muy marcados en esta zona. Para mayor información ver sección de elevación de las cejas.</p>

<p>La frontoplastia es un procedimiento en el cual se corrigen algunos cambios del envejecimiento que se evidencian en la región de la frente, con descenso de los tejidos por lo que las cejas se ven más bajas y los parpados tienen un aspecto de piel caída así como arrugas marcadas. Con las técnicas antiguas se  [&#8230;]</p>
