{"id":1520,"date":"2014-01-25T17:38:53","date_gmt":"2014-01-25T17:38:53","guid":{"rendered":"https:\/\/alidasantamaria.com\/web\/?page_id=1520"},"modified":"2017-06-02T12:54:03","modified_gmt":"2017-06-02T12:54:03","slug":"cirugia-de-menton-mentoplastia","status":"publish","type":"page","link":"https:\/\/alidasantamaria.com\/web\/cirugia-de-menton-mentoplastia\/","title":{"rendered":"Cirug\u00eda de ment\u00f3n \u2013 Mentoplastia"},"content":{"rendered":"<div class=\"fusion-fullwidth fullwidth-box fusion-builder-row-1 nonhundred-percent-fullwidth non-hundred-percent-height-scrolling\" style=\"--awb-border-radius-top-left:0px;--awb-border-radius-top-right:0px;--awb-border-radius-bottom-right:0px;--awb-border-radius-bottom-left:0px;--awb-flex-wrap:wrap;\" ><div class=\"fusion-builder-row fusion-row\"><div class=\"fusion-layout-column fusion_builder_column fusion-builder-column-0 fusion_builder_column_1_2 1_2 fusion-one-half fusion-column-first\" style=\"--awb-bg-size:cover;width:50%;width:calc(50% - ( ( 4% ) * 0.5 ) );margin-right: 4%;\"><div class=\"fusion-column-wrapper fusion-flex-column-wrapper-legacy\"><div class=\"fusion-text fusion-text-1\"><p>En muchas ocasiones existe un d\u00e9ficit en la proyecci\u00f3n y tama\u00f1o del ment\u00f3n, lo que produce un desequilibrio en la armon\u00eda del rostro. Una vez se hace un an\u00e1lisis de las diferentes partes de la cara y su relaci\u00f3n entre s\u00ed, \u00a0se puede definir si el ment\u00f3n esta poco desarrollado. El objetivo del procedimiento es dar una proyecci\u00f3n adecuada al ment\u00f3n lo que adem\u00e1s ayuda a definir el \u00e1ngulo del cuello. Cirug\u00eda ambulatoria realizada con anestesia local o general.<\/p>\n<\/div><div class=\"fusion-clearfix\"><\/div><\/div><\/div><div class=\"fusion-layout-column fusion_builder_column fusion-builder-column-1 fusion_builder_column_1_2 1_2 fusion-one-half fusion-column-last\" style=\"--awb-bg-size:cover;width:50%;width:calc(50% - ( ( 4% ) * 0.5 ) );\"><div class=\"fusion-column-wrapper fusion-flex-column-wrapper-legacy\"><div class=\"accordian fusion-accordian\" style=\"--awb-border-size:1px;--awb-icon-size:13px;--awb-content-font-size:15px;--awb-icon-alignment:left;--awb-hover-color:#f9f9f9;--awb-border-color:#cccccc;--awb-background-color:#ffffff;--awb-divider-color:#e0dede;--awb-divider-hover-color:#e0dede;--awb-icon-color:#ffffff;--awb-title-color:#333333;--awb-content-color:#747474;--awb-icon-box-color:#333333;--awb-toggle-hover-accent-color:#a0ce4e;--awb-title-font-family:&quot;Antic Slab&quot;;--awb-title-font-weight:400;--awb-title-font-style:normal;--awb-content-font-family:&quot;PT Sans&quot;;--awb-content-font-style:normal;--awb-content-font-weight:400;\"><div class=\"panel-group fusion-toggle-icon-boxed\" id=\"accordion-1520-1\"><div class=\"fusion-panel panel-default panel-f701907610094d390 fusion-toggle-no-divider fusion-toggle-boxed-mode\"><div class=\"panel-heading\"><h4 class=\"panel-title toggle\" id=\"toggle_f701907610094d390\"><a aria-expanded=\"false\" aria-controls=\"f701907610094d390\" role=\"button\" data-toggle=\"collapse\" data-parent=\"#accordion-1520-1\" data-target=\"#f701907610094d390\" href=\"#f701907610094d390\"><span class=\"fusion-toggle-icon-wrapper\" aria-hidden=\"true\"><i class=\"fa-fusion-box active-icon awb-icon-minus\" aria-hidden=\"true\"><\/i><i class=\"fa-fusion-box inactive-icon awb-icon-plus\" aria-hidden=\"true\"><\/i><\/span><span class=\"fusion-toggle-heading\">\u00bfC\u00f3mo se mejora el tama\u00f1o del ment\u00f3n?<\/span><\/a><\/h4><\/div><div id=\"f701907610094d390\" class=\"panel-collapse collapse \" aria-labelledby=\"toggle_f701907610094d390\"><div class=\"panel-body toggle-content fusion-clearfix\">\n<p>Existen dos alternativas: usando un implante de silicona tallado de acuerdo al tama\u00f1o que se requiera o realizando un corte en el hueso del ment\u00f3n el cual se avanza y se fija en su nueva posici\u00f3n. Cualquiera de las dos alternativas son validas y efectivas y su escogencia depender\u00e1 de cada caso en particular.<\/p>\n<\/div><\/div><\/div><div class=\"fusion-panel panel-default panel-8d61fff32c8fdcd18 fusion-toggle-no-divider fusion-toggle-boxed-mode\"><div class=\"panel-heading\"><h4 class=\"panel-title toggle\" id=\"toggle_8d61fff32c8fdcd18\"><a aria-expanded=\"false\" aria-controls=\"8d61fff32c8fdcd18\" role=\"button\" data-toggle=\"collapse\" data-parent=\"#accordion-1520-1\" data-target=\"#8d61fff32c8fdcd18\" href=\"#8d61fff32c8fdcd18\"><span class=\"fusion-toggle-icon-wrapper\" aria-hidden=\"true\"><i class=\"fa-fusion-box active-icon awb-icon-minus\" aria-hidden=\"true\"><\/i><i class=\"fa-fusion-box inactive-icon awb-icon-plus\" aria-hidden=\"true\"><\/i><\/span><span class=\"fusion-toggle-heading\">\u00bfQuedan heridas visibles en el ment\u00f3n?<\/span><\/a><\/h4><\/div><div id=\"8d61fff32c8fdcd18\" class=\"panel-collapse collapse \" aria-labelledby=\"toggle_8d61fff32c8fdcd18\"><div class=\"panel-body toggle-content fusion-clearfix\">\n<p>El implante de silicona puede ser colocado mediante una herida que se hace por dentro de la boca (por lo que no quedan cicatrices en la cara) o se coloca a trav\u00e9s de una herida en la parte inferior del ment\u00f3n para que sea poco evidente. El avance del hueso del ment\u00f3n usualmente se hace por la parte interna de la boca.<\/p>\n<\/div><\/div><\/div><div class=\"fusion-panel panel-default panel-c401c393840840c56 fusion-toggle-no-divider fusion-toggle-boxed-mode\"><div class=\"panel-heading\"><h4 class=\"panel-title toggle\" id=\"toggle_c401c393840840c56\"><a aria-expanded=\"false\" aria-controls=\"c401c393840840c56\" role=\"button\" data-toggle=\"collapse\" data-parent=\"#accordion-1520-1\" data-target=\"#c401c393840840c56\" href=\"#c401c393840840c56\"><span class=\"fusion-toggle-icon-wrapper\" aria-hidden=\"true\"><i class=\"fa-fusion-box active-icon awb-icon-minus\" aria-hidden=\"true\"><\/i><i class=\"fa-fusion-box inactive-icon awb-icon-plus\" aria-hidden=\"true\"><\/i><\/span><span class=\"fusion-toggle-heading\">\u00bfSe pueden colocar implantes en otras partes de la cara?<\/span><\/a><\/h4><\/div><div id=\"c401c393840840c56\" class=\"panel-collapse collapse \" aria-labelledby=\"toggle_c401c393840840c56\"><div class=\"panel-body toggle-content fusion-clearfix\">\n<p>Si, existen implantes o pr\u00f3tesis dise\u00f1adas para mejorar la proyecci\u00f3n de otras \u00e1reas faciales como son la l\u00ednea mandibular (frecuentemente usada en hombres para dar un aspecto masculino) en la regi\u00f3n de los p\u00f3mulos y en la base de las narinas.<\/p>\n<\/div><\/div><\/div><\/div><\/div><div class=\"fusion-clearfix\"><\/div><\/div><\/div><\/div><\/div>\n","protected":false},"excerpt":{"rendered":"","protected":false},"author":1,"featured_media":0,"parent":0,"menu_order":0,"comment_status":"open","ping_status":"open","template":"","meta":{"footnotes":""},"class_list":["post-1520","page","type-page","status-publish","hentry"],"_links":{"self":[{"href":"https:\/\/alidasantamaria.com\/web\/wp-json\/wp\/v2\/pages\/1520","targetHints":{"allow":["GET"]}}],"collection":[{"href":"https:\/\/alidasantamaria.com\/web\/wp-json\/wp\/v2\/pages"}],"about":[{"href":"https:\/\/alidasantamaria.com\/web\/wp-json\/wp\/v2\/types\/page"}],"author":[{"embeddable":true,"href":"https:\/\/alidasantamaria.com\/web\/wp-json\/wp\/v2\/users\/1"}],"replies":[{"embeddable":true,"href":"https:\/\/alidasantamaria.com\/web\/wp-json\/wp\/v2\/comments?post=1520"}],"version-history":[{"count":4,"href":"https:\/\/alidasantamaria.com\/web\/wp-json\/wp\/v2\/pages\/1520\/revisions"}],"predecessor-version":[{"id":2075,"href":"https:\/\/alidasantamaria.com\/web\/wp-json\/wp\/v2\/pages\/1520\/revisions\/2075"}],"wp:attachment":[{"href":"https:\/\/alidasantamaria.com\/web\/wp-json\/wp\/v2\/media?parent=1520"}],"curies":[{"name":"wp","href":"https:\/\/api.w.org\/{rel}","templated":true}]}}

Cirugía de mentón – Mentoplastia

<div class="fusion-fullwidth fullwidth-box fusion-builder-row-1 nonhundred-percent-fullwidth non-hundred-percent-height-scrolling" style="--awb-border-radius-top-left:0px;--awb-border-radius-top-right:0px;--awb-border-radius-bottom-right:0px;--awb-border-radius-bottom-left:0px;--awb-flex-wrap:wrap;" ><div class="fusion-builder-row fusion-row"><div class="fusion-layout-column fusion_builder_column fusion-builder-column-0 fusion_builder_column_1_2 1_2 fusion-one-half fusion-column-first" style="--awb-bg-size:cover;width:50%;width:calc(50% - ( ( 4% ) * 0.5 ) );margin-right: 4%;"><div class="fusion-column-wrapper fusion-flex-column-wrapper-legacy"><div class="fusion-text fusion-text-1"><p>En muchas ocasiones existe un déficit en la proyección y tamaño del mentón, lo que produce un desequilibrio en la armonía del rostro. Una vez se hace un análisis de las diferentes partes de la cara y su relación entre sí,  se puede definir si el mentón esta poco desarrollado. El objetivo del procedimiento es dar una proyección adecuada al mentón lo que además ayuda a definir el ángulo del cuello. Cirugía ambulatoria realizada con anestesia local o general.</p>
</div><div class="fusion-clearfix"></div></div></div><div class="fusion-layout-column fusion_builder_column fusion-builder-column-1 fusion_builder_column_1_2 1_2 fusion-one-half fusion-column-last" style="--awb-bg-size:cover;width:50%;width:calc(50% - ( ( 4% ) * 0.5 ) );"><div class="fusion-column-wrapper fusion-flex-column-wrapper-legacy"><div class="accordian fusion-accordian" style="--awb-border-size:1px;--awb-icon-size:13px;--awb-content-font-size:15px;--awb-icon-alignment:left;--awb-hover-color:#f9f9f9;--awb-border-color:#cccccc;--awb-background-color:#ffffff;--awb-divider-color:#e0dede;--awb-divider-hover-color:#e0dede;--awb-icon-color:#ffffff;--awb-title-color:#333333;--awb-content-color:#747474;--awb-icon-box-color:#333333;--awb-toggle-hover-accent-color:#a0ce4e;--awb-title-font-family:&quot;Antic Slab&quot;;--awb-title-font-weight:400;--awb-title-font-style:normal;--awb-content-font-family:&quot;PT Sans&quot;;--awb-content-font-style:normal;--awb-content-font-weight:400;"><div class="panel-group fusion-toggle-icon-boxed" id="accordion-1520-1"><div class="fusion-panel panel-default panel-f701907610094d390 fusion-toggle-no-divider fusion-toggle-boxed-mode"><div class="panel-heading"><h4 class="panel-title toggle" id="toggle_f701907610094d390"><a aria-expanded="false" aria-controls="f701907610094d390" role="button" data-toggle="collapse" data-parent="#accordion-1520-1" data-target="#f701907610094d390" href="#f701907610094d390"><span class="fusion-toggle-icon-wrapper" aria-hidden="true"><i class="fa-fusion-box active-icon awb-icon-minus" aria-hidden="true"></i><i class="fa-fusion-box inactive-icon awb-icon-plus" aria-hidden="true"></i></span><span class="fusion-toggle-heading">¿Cómo se mejora el tamaño del mentón?</span></a></h4></div><div id="f701907610094d390" class="panel-collapse collapse " aria-labelledby="toggle_f701907610094d390"><div class="panel-body toggle-content fusion-clearfix">
<p>Existen dos alternativas: usando un implante de silicona tallado de acuerdo al tamaño que se requiera o realizando un corte en el hueso del mentón el cual se avanza y se fija en su nueva posición. Cualquiera de las dos alternativas son validas y efectivas y su escogencia dependerá de cada caso en particular.</p>
</div></div></div><div class="fusion-panel panel-default panel-8d61fff32c8fdcd18 fusion-toggle-no-divider fusion-toggle-boxed-mode"><div class="panel-heading"><h4 class="panel-title toggle" id="toggle_8d61fff32c8fdcd18"><a aria-expanded="false" aria-controls="8d61fff32c8fdcd18" role="button" data-toggle="collapse" data-parent="#accordion-1520-1" data-target="#8d61fff32c8fdcd18" href="#8d61fff32c8fdcd18"><span class="fusion-toggle-icon-wrapper" aria-hidden="true"><i class="fa-fusion-box active-icon awb-icon-minus" aria-hidden="true"></i><i class="fa-fusion-box inactive-icon awb-icon-plus" aria-hidden="true"></i></span><span class="fusion-toggle-heading">¿Quedan heridas visibles en el mentón?</span></a></h4></div><div id="8d61fff32c8fdcd18" class="panel-collapse collapse " aria-labelledby="toggle_8d61fff32c8fdcd18"><div class="panel-body toggle-content fusion-clearfix">
<p>El implante de silicona puede ser colocado mediante una herida que se hace por dentro de la boca (por lo que no quedan cicatrices en la cara) o se coloca a través de una herida en la parte inferior del mentón para que sea poco evidente. El avance del hueso del mentón usualmente se hace por la parte interna de la boca.</p>
</div></div></div><div class="fusion-panel panel-default panel-c401c393840840c56 fusion-toggle-no-divider fusion-toggle-boxed-mode"><div class="panel-heading"><h4 class="panel-title toggle" id="toggle_c401c393840840c56"><a aria-expanded="false" aria-controls="c401c393840840c56" role="button" data-toggle="collapse" data-parent="#accordion-1520-1" data-target="#c401c393840840c56" href="#c401c393840840c56"><span class="fusion-toggle-icon-wrapper" aria-hidden="true"><i class="fa-fusion-box active-icon awb-icon-minus" aria-hidden="true"></i><i class="fa-fusion-box inactive-icon awb-icon-plus" aria-hidden="true"></i></span><span class="fusion-toggle-heading">¿Se pueden colocar implantes en otras partes de la cara?</span></a></h4></div><div id="c401c393840840c56" class="panel-collapse collapse " aria-labelledby="toggle_c401c393840840c56"><div class="panel-body toggle-content fusion-clearfix">
<p>Si, existen implantes o prótesis diseñadas para mejorar la proyección de otras áreas faciales como son la línea mandibular (frecuentemente usada en hombres para dar un aspecto masculino) en la región de los pómulos y en la base de las narinas.</p>
</div></div></div></div></div><div class="fusion-clearfix"></div></div></div></div></div>
